{"id":21,"date":"2018-12-30T14:21:52","date_gmt":"2018-12-30T14:21:52","guid":{"rendered":"http:\/\/parafiahenrykow.pl\/?page_id=21"},"modified":"2026-04-25T07:50:37","modified_gmt":"2026-04-25T07:50:37","slug":"ogloszenia","status":"publish","type":"page","link":"https:\/\/parafiahenrykow.pl\/?page_id=21","title":{"rendered":"OG\u0141OSZENIA"},"content":{"rendered":"\n<figure class=\"wp-block-image size-large\"><img loading=\"lazy\" decoding=\"async\" width=\"965\" height=\"880\" src=\"https:\/\/parafiahenrykow.pl\/wp-content\/uploads\/2020\/01\/Klasztor_pocysterski_Henrykow_325377.jpg\" alt=\"\" class=\"wp-image-308\" srcset=\"https:\/\/parafiahenrykow.pl\/wp-content\/uploads\/2020\/01\/Klasztor_pocysterski_Henrykow_325377.jpg 965w, https:\/\/parafiahenrykow.pl\/wp-content\/uploads\/2020\/01\/Klasztor_pocysterski_Henrykow_325377-300x274.jpg 300w, https:\/\/parafiahenrykow.pl\/wp-content\/uploads\/2020\/01\/Klasztor_pocysterski_Henrykow_325377-768x700.jpg 768w\" sizes=\"auto, (max-width: 965px) 100vw, 965px\" \/><\/figure>\n\n\n\n<p><\/p>\n\n\n\n<p class=\"has-text-align-center has-vivid-red-color has-luminous-vivid-amber-background-color has-text-color has-background has-link-color wp-elements-f0b0b97e6be531530591262ec1ed0b0f\"><strong>OG\u0141OSZENIA DUSZPASTERSKIE<\/strong><\/p>\n\n\n\n<p class=\"has-text-align-center has-text-color has-link-color has-extra-large-font-size wp-elements-a1f35d616b1801311d82303f65b17f7a\" style=\"color:#ca0727;font-style:normal;font-weight:700\">IV Niedziela Wielkanocy<\/p>\n\n\n\n<p class=\"has-text-align-center has-text-color has-link-color has-extra-large-font-size wp-elements-f4ee899a432abec1d10242c8a5f8f728\" style=\"color:#ca0727;font-style:normal;font-weight:700\">26 kwietnia 2026<\/p>\n\n\n\n<ul class=\"wp-block-list\">\n<li>\u00a0Dzisiejsz\u0105 niedziel\u0119 prze\u017cywamy w Ko\u015bciele jako <strong>\u015awiatowy Dzie\u0144 Modlitw o Powo\u0142ania. <\/strong>Rozpoczynaj\u0105 si\u0119 te\u017c Kwartalne dni modlitw o powo\u0142ania do s\u0142u\u017cby w\u00a0Ko\u015bciele. Musimy prosi\u0107 Jezusa Chrystusa \u2013 Dobrego Pasterza, aby nigdy nie zabrak\u0142o nowych pracownik\u00f3w w\u00a0winnicy Bo\u017cej.\u00a0\u00a0<\/li>\n\n\n\n<li>Podczas tego tygodnia b\u0119dziemy szczeg\u00f3lnie prosi\u0107 o powo\u0142ania kap\u0142a\u0144skie i zakonne z\u00a0naszej wsp\u00f3lnoty parafialnej.\u00a0<\/li>\n\n\n\n<li>\u00a0W tym tygodniu, w \u015brod\u0119, 29 kwietnia, przypada \u015bwi\u0119to \u015awi\u0119tej Katarzyny Siene\u0144skiej, dziewicy\u00a0 w 1999 roku \u015awi\u0119ty Jan Pawe\u0142 II ustanowi\u0142 j\u0105 patronk\u0105 Europy.\u00a0<\/li>\n\n\n\n<li>Tego dnia b\u0119dziemy obchodzili <strong>Dzie\u0144 M\u0119cze\u0144stwa Duchowie\u0144stwa Polskiego<\/strong>, upami\u0119tniaj\u0105cy rocznic\u0119 wyzwolenia obozu koncentracyjnego w Dachau w 1945 roku.<\/li>\n\n\n\n<li>\u00a0W najbli\u017cszy pi\u0105tek rozpoczniemy <strong>maryjny miesi\u0105c \u2013 maj<\/strong>. Codziennie b\u0119dziemy gromadzi\u0107 si\u0119 wok\u00f3\u0142 o\u0142tarza na Eucharystii i na nabo\u017ce\u0144stwie majowym.\u00a0 W naszym ko\u015bciele <strong>nabo\u017ce\u0144stwo majowe b\u0119dziemy celebrowali codziennie o godz. 18.00,<\/strong> obchodzimy te\u017c \u00a0wspomnienie \u015awi\u0119tego J\u00f3zefa Robotnika.<\/li>\n\n\n\n<li><strong>\u00a0W sobot\u0119, 2 maja, obchodzimy uroczysto\u015b\u0107 Naj\u015bwi\u0119tszej Maryi Panny, Kr\u00f3lowej Polski, g\u0142\u00f3wnej Patronki naszej Ojczyzny.<\/strong> Msze \u015awi\u0119te tego dnia w naszym ko\u015bciele b\u0119d\u0105 sprawowane o godz. 7.00 i 18.00. Podczas liturgii ponowimy Akt oddania Polski pod opiek\u0119 Matki Bo\u017cej.<\/li>\n\n\n\n<li>\u00a0W t\u0119 przysz\u0142\u0105 sobot\u0119 przypada te\u017c doroczny Dzie\u0144 Polonii oraz Dzie\u0144 Flagi Narodowej.\u00a0<\/li>\n\n\n\n<li>\u00a0W nadchodz\u0105cym tygodniu przypada (czwartek przed pierwszym pi\u0105tkiem miesi\u0105ca) pierwszy pi\u0105tek i pierwsza sobota miesi\u0105ca.<\/li>\n\n\n\n<li><strong>W czwartek<\/strong>\u00a0 przed I pi\u0105tkiem b\u0119dziemy si\u0119 te\u017c modlili o liczne i\u00a0\u015bwi\u0119te powo\u0142ania kap\u0142a\u0144skie i\u00a0zakonne.<\/li>\n\n\n\n<li><strong>W pierwszy pi\u0105tek<\/strong> okazja do oddania czci Naj\u015bwi\u0119tszemu Sercu Pana Jezusa oraz do pojednania si\u0119 z Bogiem i\u00a0bra\u0107mi p\u00f3l godz. przed Msz\u0105 \u015bw. Msza \u015awi\u0119ta wynagradzaj\u0105c\u0105 Naj\u015bwi\u0119tszemu Sercu Jezusowemu w ko\u015bciele o godz.18.00<\/li>\n\n\n\n<li>\u00a0Z pos\u0142ug\u0105 sakramentaln\u0105 do chorych i senior\u00f3w naszej parafii o. Piotr uda \u00a0si\u0119 od godzin rannych<\/li>\n\n\n\n<li><strong>W pierwsz\u0105 sobot\u0119<\/strong>\u00a0\u00a0 oddajemy cze\u015b\u0107 Niepokalanemu Sercu Maryi Panny oraz czcimy J\u0105 jako Kr\u00f3low\u0105 Polski. Msza \u015awi\u0119ta z uroczysto\u015bci w ko\u015bciele o godz. 18.00.<\/li>\n\n\n\n<li>W najbli\u017csz\u0105 niedziele Adoracja Naj\u015bwi\u0119tszego\u00a0 Sakramentu.<\/li>\n\n\n\n<li><strong>5 maja\u00a0 wyjazd do Wroc\u0142awia na film pt. \u201eMaryja Matka Papie\u017ca\u201d.<\/strong> Zapisy u p. Bo\u017ceny Wojskiej ze St. Henrykowa.<\/li>\n\n\n\n<li>16 maja o godz. 16.00 R\u00f3\u017caniec za Ojczyzn\u0119 w ko\u015bciele w Henrykowie.<\/li>\n\n\n\n<li>17 maja 2026 o godz. 12.00 \u015awi\u0119to Ludzi Pracy pod przewodnictwem JE Ks. Abpa\u00a0 J\u00f3zefa Kupnego. Planowany jest te\u017c Ks. ABP\u00a0 Mieczys\u0142aw Mokrzycki z Lwowa.<\/li>\n<\/ul>\n\n\n\n<div class=\"wp-block-group is-style-default\"><div class=\"wp-block-group__inner-container is-layout-constrained wp-block-group-is-layout-constrained\">\n<div class=\"wp-block-columns is-layout-flex wp-container-core-columns-is-layout-9d6595d7 wp-block-columns-is-layout-flex\">\n<div class=\"wp-block-column is-layout-flow wp-block-column-is-layout-flow\" style=\"flex-basis:100%\">\n<h2 class=\"wp-block-heading has-text-align-center has-text-color has-link-color wp-elements-778f5665a8c13348762a73d4c2d6aad2\" style=\"color:#ca0e0e;font-size:33px\"><mark style=\"background-color:rgba(0, 0, 0, 0);color:#b30a24\" class=\"has-inline-color\"><strong>Intencje mszalne 20 &#8211; 26 kwietnia 2026<\/strong><\/mark><\/h2>\n\n\n\n<figure class=\"wp-block-table\"><table><tbody><tr><td class=\"has-text-align-center\" data-align=\"center\" rowspan=\"2\"><strong>&nbsp;Poniedzia\u0142ek<\/strong> <strong>20 IV<\/strong><\/td><td>Godz.7.00<\/td><td>1. Do Bo\u017cego Mi\u0142osierdzia w intencji Jakuba o potrzebne \u0142aski<br>2. Za dusze w czy\u015b\u0107cu cierpi\u0105ce<\/td><\/tr><tr><td class=\"has-text-align-center\" data-align=\"center\">Godz.18.00<\/td><td>O zdrowie i b\u0142. Bo\u017ce dla Zdzis\u0142awy z okazji urodzin<\/td><\/tr><tr><td class=\"has-text-align-center\" data-align=\"center\" rowspan=\"2\"><strong>Wtorek<\/strong> <strong>21 IV<\/strong><\/td><td>Godz. 7.00<\/td><td>1. Do Bo\u017cego Mi\u0142osierdzia w intencji Jakuba o potrzebne \u0142aski<br>2. Za dusze w czy\u015b\u0107cu cierpi\u0105ce<\/td><\/tr><tr><td class=\"has-text-align-center\" data-align=\"center\">Godz.18.00<\/td><td>O \u015bwiat\u0142o Ducha \u015aw. i \u0142ask\u0119 wiary dla Krystyny i Tomasza<\/td><\/tr><tr><td class=\"has-text-align-center\" data-align=\"center\" rowspan=\"2\"><strong>\u015aroda<\/strong> <strong>&nbsp;22 IV<\/strong><\/td><td>Godz. 7.00<\/td><td>1. Za +Ryszarda Maro\u0144skiego<br>2. O zdrowie i b\u0142. Bo\u017ce dla Stanis\u0142awa z racji imienin<\/td><\/tr><tr><td class=\"has-text-align-center\" data-align=\"center\">Godz.18.00<\/td><td>Int. zbiorowa<\/td><\/tr><tr><td class=\"has-text-align-center\" data-align=\"center\" rowspan=\"2\"><mark style=\"background-color:rgba(0, 0, 0, 0);color:#b91414\" class=\"has-inline-color\"><strong>Czwartek<\/strong> <strong>23 IV<\/strong> <strong>Uroczysto\u015b\u0107 \u015bw. Wojciecha<\/strong><\/mark><\/td><td>Godz. 7.00<\/td><td>Z podzi\u0119kowaniem Bogu za otrzymane \u0142aski, z pro\u015bb\u0105 o zdrowie i b\u0142. Bo\u017ce w pos\u0142udze kap\u0142a\u0144skiej dla ks. Wojciecha w dniu imienin<\/td><\/tr><tr><td class=\"has-text-align-center\" data-align=\"center\">Godz.18.00<\/td><td>&nbsp;<\/td><\/tr><tr><td class=\"has-text-align-center\" data-align=\"center\" rowspan=\"2\"><strong>Pi\u0105tek<\/strong> <strong>24 IV<\/strong><\/td><td>Godz. 7.00<\/td><td>1. Do Bo\u017cego Mi\u0142osierdzia w intencji Jakuba o potrzebne \u0142aski<br>2. Za dusze w czy\u015b\u0107cu cierpi\u0105ce<\/td><\/tr><tr><td class=\"has-text-align-center\" data-align=\"center\">Godz.18.00<\/td><td>&nbsp; &nbsp;<\/td><\/tr><tr><td class=\"has-text-align-center\" data-align=\"center\" rowspan=\"2\"><strong>Sobota<\/strong> <strong>25 IV<\/strong><\/td><td>Godz. 7.00<\/td><td>1. Do Bo\u017cego Mi\u0142osierdzia w intencji Jakuba o potrzebne \u0142aski<br>2. Za dusze w czy\u015b\u0107cu cierpi\u0105ce<\/td><\/tr><tr><td class=\"has-text-align-center\" data-align=\"center\">Godz.18.00<\/td><td>1. O zdrowie i b\u0142. Bo\u017ce za wstawiennictwem M.B. Henrykowskiej dla Ewy i Adasia oraz ich rodzic\u00f3w<br>2. O zdrowie i potrzebne \u0142aski, opiek\u0119 Matki Bo\u017cej dla O. Piotra z okazji urodzin<\/td><\/tr><tr><td class=\"has-text-align-center\" data-align=\"center\" rowspan=\"3\"><strong>&nbsp;<\/strong><mark style=\"background-color:rgba(0, 0, 0, 0);color:#910f0f\" class=\"has-inline-color\"> <strong>IV Niedziela Wielkanocna<\/strong> <\/mark><br><mark style=\"background-color:rgba(0, 0, 0, 0);color:#910f0f\" class=\"has-inline-color\"><strong>26 IV<\/strong><\/mark><\/td><td>Godz. 8.00<\/td><td>Za ++Michalin\u0119 Ciurysek w 9 r. \u015bm., m\u0119\u017ca J\u00f3zefa i syna Waldemara<\/td><\/tr><tr><td class=\"has-text-align-center\" data-align=\"center\">Godz.11.30<\/td><td>Za ++Mariana i Janin\u0119 Szmigiel oraz ++rodzic\u00f3w z obu stron<\/td><\/tr><tr><td class=\"has-text-align-center\" data-align=\"center\">Godz.17.00<\/td><td>Za ++Rozali\u0119 i J\u00f3zefa Czil<\/td><\/tr><\/tbody><\/table><\/figure>\n\n\n\n<p class=\"has-text-align-center has-text-color has-link-color wp-elements-9aaf6c0a549a9cdd9c908112ee9749c5\" style=\"color:#770a0a;font-size:30px\"><strong><mark style=\"background-color:rgba(0, 0, 0, 0);color:#c31906\" class=\"has-inline-color\">Intencje mszalne 27 kwietnia- 3 maja 2026<\/mark><\/strong><\/p>\n\n\n\n<div class=\"wp-block-columns is-layout-flex wp-container-core-columns-is-layout-9d6595d7 wp-block-columns-is-layout-flex\">\n<div class=\"wp-block-column is-layout-flow wp-block-column-is-layout-flow\" style=\"flex-basis:100%\">\n<figure class=\"wp-block-table\"><table><tbody><tr><td class=\"has-text-align-center\" data-align=\"center\" rowspan=\"2\"><strong>\u00a0Poniedzia\u0142ek<\/strong> <br><strong>27 IV<\/strong><\/td><td>Godz.7.00<\/td><td>W intencji Parafian<\/td><\/tr><tr><td class=\"has-text-align-center\" data-align=\"center\">Godz.18.00<\/td><td>&nbsp;<\/td><\/tr><tr><td class=\"has-text-align-center\" data-align=\"center\" rowspan=\"2\"><strong>Wtorek<\/strong> <strong>28 IV<\/strong><\/td><td>Godz. 7.00<\/td><td><\/td><\/tr><tr><td class=\"has-text-align-center\" data-align=\"center\">Godz.18.00<\/td><td>&nbsp;<\/td><\/tr><tr><td class=\"has-text-align-center\" data-align=\"center\" rowspan=\"2\"><strong>\u015aroda<\/strong> <strong>&nbsp;29 IV<\/strong><\/td><td>Godz. 7.00<\/td><td>&nbsp;<\/td><\/tr><tr><td class=\"has-text-align-center\" data-align=\"center\">Godz.18.00<\/td><td>1. Int. zbiorowa<br>2. Za +Jana G\u0119bar\u0119 i ++rodzic\u00f3w oraz braci<\/td><\/tr><tr><td class=\"has-text-align-center\" data-align=\"center\" rowspan=\"2\"><strong>Czwartek<\/strong> <strong>30 IV<\/strong><\/td><td>Godz. 7.00<\/td><td>&nbsp;<\/td><\/tr><tr><td class=\"has-text-align-center\" data-align=\"center\">Godz.18.00<\/td><td>&nbsp;<\/td><\/tr><tr><td class=\"has-text-align-center\" data-align=\"center\" rowspan=\"2\"><strong>Pi\u0105tek<\/strong> <strong>1 V<\/strong><\/td><td>Godz. 7.00<\/td><td>Greg. Za +J\u00f3zef\u0119 So\u0142tys<\/td><\/tr><tr><td class=\"has-text-align-center\" data-align=\"center\">Godz.18.00<\/td><td>&nbsp; &nbsp;<\/td><\/tr><tr><td class=\"has-text-align-center\" data-align=\"center\" rowspan=\"2\"><mark style=\"background-color:rgba(0, 0, 0, 0);color:#0f2a8a\" class=\"has-inline-color\"><strong>Sobota<\/strong> <strong>2 V<\/strong><br><strong>Kr\u00f3lowej Polski<\/strong><\/mark><\/td><td>Godz. 7.00<\/td><td>1. Za dusze w czy\u015b\u0107cu cierpi\u0105ce<br>2. Greg. Za +J\u00f3zef\u0119 So\u0142tys<\/td><\/tr><tr><td class=\"has-text-align-center\" data-align=\"center\">Godz.18.00<\/td><td>W intencji dzieci pierwszokomunijnych od Grupy Modlitewnej<\/td><\/tr><tr><td class=\"has-text-align-center\" data-align=\"center\" rowspan=\"3\"><strong>\u00a0<\/strong> <mark style=\"background-color:rgba(0, 0, 0, 0);color:#640909\" class=\"has-inline-color\"><strong>V Niedziela Wielkanocna<\/strong> <strong>3 V<\/strong><\/mark><\/td><td>Godz. 8.00<\/td><td>Za ++Zofi\u0119 i Wojciecha Kwik oraz za ich zmar\u0142e dzieci: Helen\u0119 i Jana<\/td><\/tr><tr><td class=\"has-text-align-center\" data-align=\"center\">Godz.11.30<\/td><td>Za ++Ann\u0119 i J\u00f3zefa Gras oraz za ich rodzic\u00f3w i rodze\u0144stwo<\/td><\/tr><tr><td class=\"has-text-align-center\" data-align=\"center\">Godz.17.00<\/td><td>Greg. Za +J\u00f3zef\u0119 So\u0142tys<\/td><\/tr><\/tbody><\/table><\/figure>\n<\/div>\n<\/div>\n<\/div>\n<\/div>\n<\/div><\/div>\n\n\n\n<h2 class=\"wp-block-heading has-text-align-center has-text-color has-link-color has-large-font-size wp-elements-46a427d68a4a931dc4eab9be02759705\" style=\"color:#168cd5\"><strong><mark style=\"background-color:rgba(0, 0, 0, 0)\" class=\"has-inline-color has-vivid-cyan-blue-color\">Przygotowanie do I Komunii \u015bw. w roku szkolnym 2025\/ <\/mark><\/strong> <strong>2026<\/strong>&nbsp;&nbsp;&nbsp;&nbsp;&nbsp;&nbsp;&nbsp;&nbsp;<\/h2>\n\n\n\n<p><strong>&#8211; 13 maj 2026 <\/strong>\u2013 Msza \u015bw. i nabo\u017ce\u0144stwo ku czci <strong>NMP Fatimskiej<\/strong> <strong>(\u015broda); przez ca\u0142y maj uczestniczymy w nabo\u017ce\u0144stwach majowych.<\/strong><\/p>\n\n\n\n<p><strong>&#8211; 24 maj 2026 &#8211; <\/strong>Uroczysto\u015b\u0107 I Komunii \u015bwi\u0119tej na Mszy \u015bw. o godz. 10.00 <strong>(Niedziela Zes\u0142ania Ducha \u015awi\u0119tego);<\/strong><\/p>\n\n\n\n<p><strong>&#8211; 5 czerwiec 2026 <\/strong>\u2013 rozdanie ksi\u0105\u017ceczek I pi\u0105tk\u00f3w miesi\u0105ca, spowied\u017a pierwszo pi\u0105tkowa, Msza \u015bw. wynagradzaj\u0105ca oraz nabo\u017ce\u0144stwo do <strong>Naj\u015bwi\u0119tszego Serca Pana Jezusa<\/strong>.<strong>&nbsp;<\/strong><\/p>\n\n\n\n<p><em>Podczas roku szkolnego dzieci klas III i ich rodzice powinni uczestniczy\u0107 w nast\u0119puj\u0105cych spotkaniach i celebracjach liturgicznych:<\/em><\/p>\n\n\n\n<p><\/p>\n\n\n<div class=\"wp-block-image\">\n<figure class=\"aligncenter size-large\"><img loading=\"lazy\" decoding=\"async\" width=\"1024\" height=\"669\" src=\"https:\/\/parafiahenrykow.pl\/wp-content\/uploads\/2023\/09\/NAWAh-1024x669.jpg\" alt=\"\" class=\"wp-image-721\" srcset=\"https:\/\/parafiahenrykow.pl\/wp-content\/uploads\/2023\/09\/NAWAh-1024x669.jpg 1024w, https:\/\/parafiahenrykow.pl\/wp-content\/uploads\/2023\/09\/NAWAh-300x196.jpg 300w, https:\/\/parafiahenrykow.pl\/wp-content\/uploads\/2023\/09\/NAWAh-768x502.jpg 768w, https:\/\/parafiahenrykow.pl\/wp-content\/uploads\/2023\/09\/NAWAh-1536x1004.jpg 1536w, https:\/\/parafiahenrykow.pl\/wp-content\/uploads\/2023\/09\/NAWAh-2048x1338.jpg 2048w\" sizes=\"auto, (max-width: 1024px) 100vw, 1024px\" \/><\/figure>\n<\/div>\n\n\n<blockquote class=\"wp-block-quote is-style-large is-layout-flow wp-block-quote-is-layout-flow\">\n<p><mark style=\"background-color:rgba(0, 0, 0, 0)\" class=\"has-inline-color has-vivid-cyan-blue-color\">Zaiste jeden dzie\u0144 w przybytkach Twoich<br>lepszy jest ni\u017c innych tysi\u0105ce;<br>wol\u0119 sta\u0107 w progu domu mojego Boga,<br>ni\u017c mieszka\u0107 w namiotach grzesznik\u00f3w. Ps 84<\/mark><\/p>\n<\/blockquote>\n","protected":false},"excerpt":{"rendered":"<p>OG\u0141OSZENIA DUSZPASTERSKIE IV Niedziela Wielkanocy 26 kwietnia 2026 Intencje mszalne 20 &#8211; 26 kwietnia 2026 &nbsp;Poniedzia\u0142ek 20 IV Godz.7.00 1. Do Bo\u017cego Mi\u0142osierdzia w intencji Jakuba o potrzebne \u0142aski2. Za dusze w czy\u015b\u0107cu cierpi\u0105ce Godz.18.00 O zdrowie i b\u0142. Bo\u017ce dla Zdzis\u0142awy z okazji urodzin Wtorek 21 IV Godz. 7.00 1. Do Bo\u017cego Mi\u0142osierdzia w&hellip; <a class=\"more-link\" href=\"https:\/\/parafiahenrykow.pl\/?page_id=21\">Czytaj dalej <span class=\"screen-reader-text\">OG\u0141OSZENIA<\/span><\/a><\/p>\n","protected":false},"author":1,"featured_media":0,"parent":0,"menu_order":0,"comment_status":"closed","ping_status":"closed","template":"","meta":{"footnotes":""},"class_list":["post-21","page","type-page","status-publish","hentry","entry"],"_links":{"self":[{"href":"https:\/\/parafiahenrykow.pl\/index.php?rest_route=\/wp\/v2\/pages\/21","targetHints":{"allow":["GET"]}}],"collection":[{"href":"https:\/\/parafiahenrykow.pl\/index.php?rest_route=\/wp\/v2\/pages"}],"about":[{"href":"https:\/\/parafiahenrykow.pl\/index.php?rest_route=\/wp\/v2\/types\/page"}],"author":[{"embeddable":true,"href":"https:\/\/parafiahenrykow.pl\/index.php?rest_route=\/wp\/v2\/users\/1"}],"replies":[{"embeddable":true,"href":"https:\/\/parafiahenrykow.pl\/index.php?rest_route=%2Fwp%2Fv2%2Fcomments&post=21"}],"version-history":[{"count":325,"href":"https:\/\/parafiahenrykow.pl\/index.php?rest_route=\/wp\/v2\/pages\/21\/revisions"}],"predecessor-version":[{"id":1626,"href":"https:\/\/parafiahenrykow.pl\/index.php?rest_route=\/wp\/v2\/pages\/21\/revisions\/1626"}],"wp:attachment":[{"href":"https:\/\/parafiahenrykow.pl\/index.php?rest_route=%2Fwp%2Fv2%2Fmedia&parent=21"}],"curies":[{"name":"wp","href":"https:\/\/api.w.org\/{rel}","templated":true}]}}